 of 61705114.
2, 30852557
What are the prime factors of 269349824?
2, 31, 349, 389
List the prime factors of 33316606.
2, 16658303
What are the prime factors of 62007797?
541, 114617
What are the prime factors of 135525458?
2, 67762729
What are the prime factors of 100437709?
100437709
What are the prime factors of 103191889?
29, 103, 179, 193
List the prime factors of 45766376.
2, 1163, 4919
What are the prime factors of 1543631721?
3, 2803, 183569
What are the prime factors of 238637098?
2, 7, 23, 331, 2239
List the prime factors of 60868694.
2, 30434347
What are the prime factors of 1203198752?
2, 7, 5371423
List the prime factors of 7021269302.
2, 3510634651
What are the prime factors of 56541133?
11, 17, 137, 2207
What are the prime factors of 1586135780?
2, 5, 79306789
What are the prime factors of 858549148?
2, 214637287
List the prime factors of 97176603.
3, 43, 753307
What are the prime factors of 86281557?
3, 28760519
What are the prime factors of 428594355?
3, 5, 7, 79, 5741
List the prime factors of 130762782.
2, 3, 2421533
What are the prime factors of 53172956?
2, 13293239
List the prime factors of 3755276341.
37321, 100621
List the prime factors of 620220076.
2, 7, 22150717
List the prime factors of 1012929290.
2, 5, 97, 1044257
List the prime factors of 39280525.
5, 1571221
What are the prime factors of 3666177?
3, 23, 89, 199
List the prime factors of 123732891.
3, 13748099
What are the prime factors of 573730934?
2, 7, 311, 131771
List the prime factors of 209738821.
41, 43, 118967
What are the prime factors of 2060450098?
2, 7, 19, 139, 419
What are the prime factors of 107580956?
2, 7, 3842177
What are the prime factors of 7189300?
2, 5, 17, 4229
What are the prime factors of 3136272470?
2, 5, 313627247
List the prime factors of 869771414.
2, 434885707
What are the prime factors of 41308236?
2, 3, 1147451
List the prime factors of 81990356.
2, 7, 2928227
List the prime factors of 600916549.
600916549
List the prime factors of 122753259.
3, 29, 211, 743
What are the prime factors of 3483018433?
3483018433
List the prime factors of 6419562.
2, 3, 1069927
What are the prime factors of 1492496936?
2, 7, 26651731
What are the prime factors of 844026805?
5, 61, 67, 103, 401
List the prime factors of 443299922.
2, 13, 17, 59, 89, 191
What are the prime factors of 247434513?
3, 43, 1918097
List the prime factors of 296067158.
2, 19, 101, 77141
List the prime factors of 926363593.
926363593
List the prime factors of 110234587.
110234587
List the prime factors of 138014933.
7, 569, 34651
What are the prime factors of 3452117815?
5, 919, 751277
List the prime factors of 645402712.
2, 80675339
What are the prime factors of 42884116?
2, 11, 47, 89, 233
What are the prime factors of 162556602?
2, 3, 13, 113, 18443
What are the prime factors of 164078994?
2, 3, 27346499
What are the prime factors of 3499606513?
13, 269200501
What are the prime factors of 252385983?
3, 9347629
What are the prime factors of 904270814?
2, 79, 5723233
List the prime factors of 42579779.
11, 19, 18521
List the prime factors of 587933590.
2, 5, 23, 2556233
What are the prime factors of 2069436357?
3, 19, 53, 2819
What are the prime factors of 451606572?
2, 3, 151, 83077
List the prime factors of 25427072.
2, 11, 18059
List the prime factors of 1169734693.
1169734693
What are the prime factors of 147866124?
2, 3, 7, 251473
What are the prime factors of 62205923?
13, 103, 46457
What are the prime factors of 27056298?
2, 3, 1153, 3911
List the prime factors of 256551048.
2, 3, 13, 274093
What are the prime factors of 17620739?
17620739
What are the prime factors of 97227058?
2, 48613529
What are the prime factors of 93027242?
2, 7, 11, 604073
What are the prime factors of 60750945?
3, 5, 17, 103, 257
List the prime factors of 71125023.
3, 29, 817529
What are the prime factors of 3932914405?
5, 7, 19, 67, 103, 857
What are the prime factors of 235707221?
235707221
What are the prime factors of 104945846?
2, 52472923
List the prime factors of 83881904.
2, 5242619
What are the prime factors of 43952230?
2, 5, 7, 181, 3469
What are the prime factors of 2448853669?
2448853669
What are the prime factors of 801741338?
2, 400870669
What are the prime factors of 40720667?
13, 19, 41, 4021
List the prime factors of 1641630534.
2, 3, 17, 16094417
List the prime factors of 1676300531.
1676300531
What are the prime factors of 30647696?
2, 1915481
List the prime factors of 819520055.
5, 61, 349, 7699
What are the prime factors of 26736389?
1051, 25439
List the prime factors of 111570212.
2, 13, 193, 11117
List the prime factors of 357543015.
3, 5, 23836201
List the prime factors of 24704910.
2, 3, 5, 17, 67, 241
What are the prime factors of 111070786?
2, 1109, 50077
List the prime factors of 26931477.
3, 8977159
What are the prime factors of 1692489489?
3, 2707, 208409
List the prime factors of 30622621.
103, 127, 2341
What are the prime factors of 61267218?
2, 3, 17, 600659
List the prime factors of 199645165.
5, 39929033
What are the prime factors of 1557059360?
2, 5, 2311, 4211
What are the prime factors of 736588215?
3, 5, 11, 496019
What are the prime factors of 650772054?
2, 3, 53, 682151
What are the prime factors of 249680561?
13, 1619, 11863
What are the prime factors of 11614607?
1867, 6221
List the prime factors of 4994459266.
2, 3457, 722369
What are the prime factors of 776080794?
2, 3, 129346799
What are the prime factors of 247395284?
2, 2389, 25889
What are the prime factors of 72765773?
31, 2347283
List the prime factors of 197433721.
197433721
List the prime factors of 252951587.
7, 36135941
What are the prime factors of 23026957?
29, 794033
List the prime factors of 306599948.
2, 29, 79, 33457
What are the prime factors of 43610929?
43610929
List the prime factors of 3225936138.
2, 3, 73, 191, 38561
What are the prime factors of 1052171098?
2, 11, 29, 1649171
List the prime factors of 333359661.
3, 821, 135347
What are the prime factors of 5586047?
17, 328591
List the prime factors of 358457680.
2, 5, 7, 97, 6599
List the prime factors of 40955457.
3, 13651819
List the prime factors of 1860739943.
29423, 63241
What are the prime factors of 388068543?
3, 37, 463, 839
What are the prime factors of 55486898?
2, 2239, 12391
List the prime factors of 4125410.
2, 5, 97, 4253
List the prime factors of 792416506.
2, 7, 56601179
List the prime factors of 2147733199.
17, 126337247
What are the prime factors of 374538395?
5, 7, 11, 972827
What are the prime factors of 408807840?
2, 3, 5, 7, 17, 421
List the prime factors of 64696701.
3, 21565567
List the prime factors of 958333265.
5, 17, 587, 19207
List the prime factors of 90442509.
3, 23, 97, 13513
List the prime factors of 46692853.
37, 1261969
List the prime factors of 35364418.
2, 17682209
What are the prime factors of 1368697519?
7, 6659, 29363
List the prime factors of 3314196.
2, 3, 53, 193
List the prime factors of 693349943.
11, 13, 4848601
What are the prime factors of 59430158?
2, 83, 127, 2819
What are the prime factors of 369500371?
137, 367, 7349
List the prime factors of 212446229.
17, 12496837
List the prime factors of 436744983.
3, 89, 1103, 1483
List the prime factors of 355016812.
2, 73, 131, 9281
What are the prime factors of 1323809645?
5, 1171, 226099
What are the prime factors of 5175913623?
3, 61, 28283681
What are the prime factors of 79779135?
3, 5, 397, 13397
What are the prime factors of 27591282?
2, 3, 1532849
List the prime factors of 30287011.
30287011
List the prime factors of 2959251572.
2, 43, 719, 23929
List the prime factors of 43352540.
2, 5, 7, 11, 28151
List the prime factors of 392304277.
41, 9568397
List the prime factors of 38658085.
5, 17, 31, 863
What are the prime factors of 89039385?
3, 5, 47, 14033
What are the prime factors of 63433140?
2, 3, 5, 1057219
What are the prime factors of 213600474?
2, 3, 11866693
What are the prime factors of 281817582?
2, 3, 46969597
List the prime factors of 1863254901.
3, 29, 3889, 5507
What are the prime factors of 16208132?
2, 359, 11287
What are the prime factors of 43903257?
3, 59, 248041
List the prime factors of 7021212490.
2, 5, 18371, 38219
List the prime factors of 74176743.
3, 379, 65239
List the prime factors of 353766078.